he remainder when 158 is divided by q(-11).
20
Calculate the remainder when 4004 is divided by 2 - 12 - ((-19 - -10) + -46).
44
Suppose -116*i = 43*i - 51198. Calculate the remainder when i is divided by 17.
16
Let w = 39 + 18. Suppose -55*l + w = -52*l. What is the remainder when 86 is divided by l?
10
Suppose -193*o + 472*o = 70029. What is the remainder when o is divided by (-164)/(-14) + 4/14?
11
Suppose 0*f = -3*s + 2*f + 68, -3*f = -6. Suppose s = z - 3*v - v, 2*v - 54 = -5*z. Let n = 106 - 60. What is the remainder when n is divided by z?
10
Let r(n) = -n**3 + 12*n**2 + 42*n + 45. Let b be r(15). Suppose 2*c = k - 70, -6*c + c - 25 = b. What is the remainder when 90 is divided by k?
30
Let w be (30/(-9))/((-20)/60). Suppose -6*z + 11*z = -w, 0 = -5*i + 3*z + 126. What is the remainder when 111 is divided by i?
15
Suppose 5*j + 211 = a, 16*j = -5*a + 12*j + 1026. Calculate the remainder when a is divided by 21.
17
Suppose -5*i = 44 - 4. Let a be (17/68)/((-1)/i). What is the remainder when 79 is divided by a - (-8)/12*27?
19
Suppose -3*r = -3*l + 45, 4*l - 39 = -4*r + r. Suppose u = -q + 14, -5*q + 11*u + 23 + 15 = 0. Calculate the remainder when q is divided by l.
0
Suppose 3*o = 2*d + 12, 4*o + 3*d + 16 = 8*o. Suppose 2*b - 3 = 3*b - o*g, g = -4*b + 39. Let k = 38 - 21. Calculate the remainder when k is divided by b.
8
Let n(p) = -13*p**2 + 16 + 0*p**2 - 5*p**2 + p**3. Suppose 5*s + 2*y - 84 = 0, 2*s - 159 = -3*y - 132. Calculate the remainder when 94 is divided by n(s).
14
What is the remainder when (329 - 3) + (28/(-49))/((-4)/14) is divided by 15?
13
Let f(k) = -203*k + 2266. What is the remainder when f(8) is divided by 114?
72
What is the remainder when 1297 is divided by ((-585)/(-78))/(3/40)?
97
Let t = -3 - -15. Let i(g) be the third derivative of -7*g**4/12 - 41*g**3/2 - g**2 - 21. Calculate the remainder when i(-12) is divided by t.
9
Suppose 44*n + 20*n - 5472 = -278*n. Calculate the remainder when 1118 is divided by n.
14
Suppose -2*i - 5*a + 6*a = -359, 3*i + 4*a - 522 = 0. Calculate the remainder when i is divided by 12.
10
Suppose -3*f = -3*v + 33, -5*v + 2*f - f = -39. Suppose 0 = v*m - 138 + 82. Calculate the remainder when 55 is divided by m.
7
Let s(u) = u**2 - 4*u - 4. Let v(i) = i**3 - 4*i**2 - 3*i - 3. Let o be v(5). Suppose -990 = 310*d - 343*d. Calculate the remainder when d is divided by s(o).
13
Suppose 9*p + 35044 = -4*m + 12*p, 4*m + 2*p + 35024 = 0. What is the remainder when (-2 - (1 + -2))/(58/m) is divided by 40?
31
Let p = 18 - 9. Let w(o) = 3*o**2 - 4564*o - 36699. Calculate the remainder when p is divided by w(-8).
4
Suppose -3*y - 2*p + 129 = -0*p, 2*y - 81 = -3*p. Let b be ((-6)/5)/((-6)/y). Suppose 4*s = 3 + b. Calculate the remainder when 3 is divided by s.
0
Let h = -5 + 48. Let x be 2/6*9 - (-10 - 2). Suppose -7*o + 12*o - x = 0. Calculate the remainder when h is divided by o.
1
Let c(p) = -p**2 + 13*p - 15. Let r be c(-15). What is the remainder when (1/(2/(-51)))/(r/4060) is divided by 125?
113
Let m(j) = -j**2 - 10*j - 2. Let d(b) = 3*b**3 - 20*b**2 - 14*b + 43. Let w be d(7). What is the remainder when 48 is divided by m(w)?
4
Let s(i) = 19*i**3 + 10*i - 9. Calculate the remainder when s(1) is divided by 3.
2
Let u(l) = 2*l - 33. Let s be u(18). Suppose -5*p + 93 = s*o - 40, -o - 4*p + 56 = 0. Let g = o - 30. What is the remainder when 32 is divided by g?
2
Let n(a) = 3*a**3 - 6*a**2 + 6. Let h = 36 - 32. Let f be n(h). Let b = -70 + f. Calculate the remainder when 59 is divided by b.
27
Let j = -2798 + 2922. Calculate the remainder when 256 is divided by j.
8
Suppose -5*y = -4*p + 803, -1 = -y - 0*y. Suppose -7*g + 113 + p = 0. What is the remainder when 132 is divided by g?
42
Suppose 70*f = 7330 - 1450. Calculate the remainder when 18730 is divided by f.
82
Let t(z) = -z**2 + 5*z + 3. Let k be t(4). Suppose 0 = -5*p + k*p - 6. Suppose p*n + 14 = 176. Calculate the remainder when n is divided by 19.
16
Suppose 22*f + 81 = 1533. What is the remainder when f is divided by 3/(-3 - 125/(-40))?
18
Let g = -44 - -52. Let q(r) = -r**3 + 6*r**2 + r - 4. Let z be q(6). Calculate the remainder when (8/(-20))/(z/(-130)) is divided by g.
2
Suppose -79*f = 85*f - 3*f - 13846. What is the remainder when f is divided by 42?
2
Let x be 4/((6/(-807))/(1 + 0)). Let t = -364 - x. What is the remainder when t is divided by 11?
9
Let u(o) = o - 11*o**2 + 5 - 4*o + 28*o**2 - 14 - 13*o**2. Let d = -2 + -1. Calculate the remainder when u(d) is divided by 13.
10
Suppose -7*b + 22*b - 1245 = 0. Let l(m) = -3*m - 4. Let a be l(-4). What is the remainder when b is divided by a/12 + (-61)/(-3)?
20
Let n = -97 - -177. Let g = 13482 + -13452. What is the remainder when n is divided by g?
20
Let k(z) = -1640*z + 43. What is the remainder when 3/(-6) - 171/(-2) is divided by k(0)?
42
Suppose 19 - 12 = -r. Let w(g) = -2*g**3 - 11*g**2 + 12*g + 15. What is the remainder when w(r) is divided by 21?
15
Calculate the remainder when 615 is divided by 21565/114 + (-143)/(-78).
42
Let a(z) = -25*z + 6. What is the remainder when a(-15) is divided by 142?
97
Let d(o) = -o**3 - 3*o**2 + 16*o - 7. Calculate the remainder when d(-8) is divided by 2 - (6/8)/(9/(-540)).
44
Let r be 72/(-162) - (-2310)/(-27). Let t = r - -95. What is the remainder when 9 is divided by t?
0
Let a(i) = 94*i**3 + 3*i - 2. Let t be a(1). Let u = 109 - t. Calculate the remainder when 0/(-1) + -4 + 0 + u is divided by 7.
3
Let t = 182 + 98. Suppose 0 = 6*a + 4*a - t. What is the remainder when a is divided by 4?
0
Let p(j) = 613*j**2 - 2*j + 2. Let g be p(1). Let v = 868 - g. What is the remainder when v is divided by 6?
3
Let h = -21496 - -21895. Calculate the remainder when h is divided by 81.
75
Let y be 1 + 4/(-6) + (-336)/36. Calculate the remainder when (-13059)/(-81) + 12 - (-2)/y is divided by 59.
55
Suppose 4*g - 2*y - 692 = 2*y, 2*y = -g + 185. Suppose -r = 4, -3*h + 14 = 2*r - r. Suppose -h*d - 57 = -g. What is the remainder when 78 is divided by d?
18
Let b = -50 + 148. Let d(t) = -2*t**3 + 119*t**2 - 81*t + 1332. What is the remainder when b is divided by d(59)?
30
Calculate the remainder when ((-102)/4 - -1)*(17 + -43) is divided by 16.
13
Suppose 41 = -8*q + 25. Let w = q - -303. Calculate the remainder when w is divided by 76.
73
Let z(n) = n**2 - 62*n + 94. Calculate the remainder when z(70) is divided by 54.
6
Let n be (50/6)/((-7)/(-651)). Suppose 3*v + 545 = -5*h + 7*h, -3*h - 4*v = -n. What is the remainder when h is divided by 69?
58
Suppose 435*l - 434*l + 5*f - 1829 = 0, 0 = -5*f + 10. What is the remainder when l is divided by 183?
172
Let m = -327 + 374. Calculate the remainder when m is divided by 29.
18
Let b(d) = d**2 - 2*d + 3. Let x be b(0). Suppose 5*k - 2*a - 10 = 0, x*k + 4*a + 0 = 6. Suppose 3*q - k = 16. What is the remainder when 27 is divided by q?
3
Let h(f) = -f**3 - 13*f**2 - 13*f + 17. Let y be h(-12). Suppose 7*v - y = 76. Calculate the remainder when (2 + -8)/(18/(-171)) is divided by v.
12
Let g(r) = -r**3 + 11*r**2 - 6*r + 6. Let k be g(4). Let s = -90 + k. Suppose s*v = 2*c - c - 62, 0 = -5*v - 25. What is the remainder when c is divided by 16?
10
Suppose -5*v + 360 = -s, 277 = 42*v - 38*v - 3*s. What is the remainder when v is divided by (0 - (-2)/(-1)) + 21?
16
Suppose -5*x - 2*q = -1907, 5*q + 403 = -9*x + 10*x. Calculate the remainder when x is divided by 97.
92
Let p(i) be the third derivative of -i**6/120 - i**5/10 + i**4/8 + i**3/3 - 6*i**2 - 4*i. Calculate the remainder when p(-8) is divided by 11.
7
Suppose -x = -0*x - 32. Suppose 53*b - 19*b - 21726 = 0. Suppose b = 5*j + 4*a, -2*j - 9*a + 258 = -5*a. What is the remainder when j is divided by x?
31
Let p(u) = -4*u**2 - u + 10. Let s be p(7). Let f = 391 + s. Suppose 738*n - 720 = 720*n. What is the remainder when f is divided by n?
38
Let b = -515 - -519. Suppose 5*r - y - 199 = 0, r - 3*y - 197 = -b*r. Suppose -5*h - 21 = -126. Calculate the remainder when r is divided by h.
19
Suppose 200 = -m + 173. What is the remainder when 239 is divided by m/(-6)*13/(26/28)?
50
Let s = -257 - -327. Let u be 10/3*132/55. Let d = u - -16. What is the remainder when s is divided by d?
22
Suppose -s + 110 = -4*r, -4*s + 203 + 292 = -5*r. Calculate the remainder